n?
2
Let z(n) be the third derivative of -17*n**4/24 + 19*n**3/6 - 6*n**2 - 13. Let a be (54/45)/(3/(-10)). What is the units digit of z(a)?
7
Let d(t) be the third derivative of -t**6/120 + t**4/24 + 5*t**3/6 + 11*t**2. Let l be d(0). Suppose l*n + 2 = 472. What is the units digit of n?
4
What is the tens digit of 83911/10 - 16*2/320?
9
Let r = 31730 - 27688. What is the units digit of r?
2
Suppose -2*s + 4*k + 65182 - 2366 = 0, -4*s + 2*k + 125656 = 0. What is the hundreds digit of s?
4
Let y(k) = 37*k**2 - 7*k - 1. Let m(h) = -26*h + 6*h + 303*h**2 - 1 - 191*h**2 - 1. Let t(g) = 3*m(g) - 8*y(g). What is the hundreds digit of t(2)?
1
Let h = -10337 + 27315. What is the thousands digit of h?
6
What is the tens digit of ((-78)/30 - -5 - (-6)/10) + 14745?
4
Suppose 4*a + 7*c = 2*c - 16, -5*c = 0. Let u = a - -25. Let h = u + 44. What is the tens digit of h?
6
Let g(b) = 6*b**2 + 16*b - 630. What is the units digit of g(23)?
2
Let q be 49410/110 + 4/(-22). Let s = q + -256. What is the hundreds digit of s?
1
Let r(b) = -2*b**3 + 33*b**2 - 3*b - 21. Suppose -4*m + 2*x + 84 = -3*x, 3*x = 2*m - 44. Let c be r(m). Suppose -c = -t - 17. What is the hundreds digit of t?
1
Let l(k) = 20*k**2 + 23*k + 19. Let m be l(12). Suppose 0*z + 4*z = -20, -3*f + m = z. What is the tens digit of f?
6
Let y(g) = 65*g**2 - 145*g + 54. What is the hundreds digit of y(-8)?
3
Suppose -26*s - 449670 = -0*s - 52*s. What is the thousands digit of s?
7
Let p = -8 - -11. Suppose p*d + 9 = 6. What is the units digit of 2/((d/(-284))/(2/8))?
2
Let o be 643 - (-30)/(4 + 1). Let b = 940 - o. What is the units digit of b?
1
Let k(q) = -22*q + 302. Let f be k(10). Suppose -93*z = -f*z - 1485. What is the hundreds digit of z?
1
Let k = -1036 - -4958. What is the hundreds digit of k?
9
Suppose 3*w - 5*c + 3*c = 16, 2*w + 4*c + 16 = 0. Suppose -3*x = -9*d + 5*d + 1972, -2*x + 986 = w*d. What is the tens digit of d?
9
Let x(a) = -3*a. Suppose -1 = 2*u - u. Let s be x(u). Suppose g + 4*d - 12 = 0, -s*g - 2*g - 5*d = -75. What is the tens digit of g?
1
Let y = 6571 + 5394. What is the tens digit of y?
6
Let r be ((-96)/8 - -7)*1*-1. Suppose -r*h + 4*c = -272, -266 = -2*h - 3*h + 2*c. Suppose -2*d + 4*a = -h - 116, 2*d = -5*a + 168. What is the tens digit of d?
8
Let m(d) = 8*d**2 - 40*d - 304. What is the hundreds digit of m(-44)?
9
Let y = 571 - -122. Suppose 697*s - 764 = y*s. What is the units digit of s?
1
Let h = 10098 + 4643. What is the hundreds digit of h?
7
Let g(i) = -10*i**2 - 45*i + 2. Let m(h) = -2*h**2 - 29*h + 4. Let w be m(-14). Let o be g(w). What is the tens digit of o/64*4/(-1)?
5
Suppose 65019 = 49*h - 128041. What is the thousands digit of h?
3
Suppose 528*f - 543*f = -9660. What is the hundreds digit of f?
6
Suppose -4*o + 13 = -7. Suppose -5*g + 314 = r - 300, -4*g - 3099 = -o*r. What is the tens digit of r?
1
Let y(l) = 11*l - 3. Let c be y(1). Suppose -11*w = -7*w + c. What is the units digit of (-222)/(-6) + (w - -1)?
6
Let z(t) = -97*t - 6. Let y(f) = -f**2 + 14*f - 27. Let o be y(12). Let q be z(o). Let w = q + -167. What is the hundreds digit of w?
1
Let u(v) = -2*v + 48. Let l be u(23). What is the units digit of 1196/3 + l/12*-10?
7
Let n be -5*(-8)/10 + 61. Let g = 67 - n. Suppose 6*o + g*o - 856 = 0. What is the tens digit of o?
0
Let u = -984 - -987. Suppose -4*d + 5*o - 1688 + 6672 = 0, -u*o = -3*d + 3735. What is the tens digit of d?
4
Let d = 9886 + 605. What is the units digit of d?
1
Let a(s) = -107*s - 5. Let h(g) = -2032*g - 96. Let z(k) = -56*a(k) + 3*h(k). What is the thousands digit of z(-11)?
1
Let v be (-2 - 6/3) + 187. Let n = v - 39. What is the tens digit of n?
4
Let v = -38 - -49. Let t be (-1)/(v/(-11)*(-2)/(-4)). What is the units digit of (-2)/t + 0 - -17?
6
Let b(s) = -2*s**2 - 80*s - 42. Let f(x) = -x**2 - 27*x - 14. Let w(h) = 3*b(h) - 8*f(h). What is the units digit of w(24)?
2
Suppose 36*i + 18*i + 9*i = 685188. What is the ten thousands digit of i?
1
Suppose -5 = 5*t, -4*t + 6*t + 182 = -5*h. Let i = 39 - -6. Let c = i + h. What is the units digit of c?
9
Let g(c) = 22*c + 49. Let q be g(13). Suppose q = 5*n - 340. Suppose v - 36 = 3*o + n, 4*o = -16. What is the units digit of v?
9
Let t be (-224)/(-22) + (70/(-22) - -3). What is the units digit of ((-2)/3)/(64887/6489 - t)?
2
Let y(x) = -x**2 + 27*x - 118. Let c be y(21). What is the units digit of 2/c - 24510/(-40)?
3
Let n(g) = 4108*g - 292. What is the hundreds digit of n(10)?
7
What is the tens digit of ((-687)/(-12))/(10*2/240)?
8
Suppose -8*m + 3*m = -5*c - 5, 13 = -c - 2*m. Let n(v) = v**3 + 21*v**2 + 18*v - 96. Let u be n(-20). Let r = c - u. What is the units digit of r?
1
Let u be (4/10)/(11/495). Let z(a) = -9 + u*a**2 - 10*a**2 + 8*a - 9*a**2. What is the units digit of z(4)?
7
Suppose -11*d = 3*d + 28. Let y(j) = j**3 + 2*j**2 - 3*j - 1. Let n be y(d). Suppose -n*p + 1400 = 5*p. What is the hundreds digit of p?
1
Let t(r) = 65*r + 185. Let l be t(6). Let x = 1047 - l. What is the units digit of x?
2
Let r(g) = -g**3 - 3*g**2 + 10*g. Let z be r(-5). Suppose z = -15*u + 30 + 45. Suppose 4*t = u*t + 5*b - 110, 5*t - 670 = -b. What is the hundreds digit of t?
1
Let z be 2 - 1 - (-6 + 1). Let w(s) = -96*s + 32. Let a(l) = 10*l - 1. Let j(b) = 10*a(b) + w(b). What is the units digit of j(z)?
6
Let h = 784 + -365. Suppose -h = -10*c + 801. What is the units digit of c?
2
Let m(y) = -3*y + 24. Let x be m(7). Suppose -4*r - u = -918, 3*u = x*r + 2*u - 685. What is the units digit of r?
9
Suppose -7*f + 16*f = 44307 + 166977. What is the thousands digit of f?
3
Let w(z) = z - 1. Let f(q) = -8*q - 50. Let b(c) = f(c) - 4*w(c). What is the units digit of b(-20)?
4
Suppose 4*a = 5*u + 50, 15 = 2*u - 4*a + 23. What is the units digit of 538 + -1 + (u - -14)?
7
Let s = 209 - 205. What is the hundreds digit of (6252/(-8))/(-3)*(s + -2)?
5
Suppose -p - 712 = -718, 2*c - 29016 = 2*p. What is the tens digit of c?
1
Let z be (-1 - -3) + 240 + (11 - 5). Suppose -5*i + 20 = -0*i, 0 = l + 3*i - z. What is the units digit of l?
6
Let z be 12/7 + 12/42. Suppose z*r + d = -883, 4*r + 2230 = -r + 2*d. What is the tens digit of (-1)/(r/220 - -2) + 0?
5
Let y = 150 + -351. Let u = -41 - y. What is the tens digit of u?
6
Suppose -186472 + 80018 = -15*s + 267076. What is the hundreds digit of s?
9
Let f = 366 - 313. Suppose -3*k = -4*x + x - 27, 0 = -5*k + x + f. What is the tens digit of k?
1
Let i(l) = 2*l - 67. Let f be i(21). Let o be (-12)/(-54) - 826/(-9). Let z = f + o. What is the tens digit of z?
6
Let d(h) = 1 + 24 + 5 + 34 - 4*h. Let a be d(0). Let j = a - 23. What is the units digit of j?
1
Let d(v) = -52*v + 3. Let z be d(-2). Let k = z + -45. Suppose k = 2*s - 84. What is the units digit of s?
3
Let s(u) be the third derivative of -11*u**4/4 + u**3/3 + 4*u**2. Let n be s(2). Let t = -49 - n. What is the tens digit of t?
8
Let d be (-8 - (-272)/40)*(-20)/6. Suppose -d*o - j - 30 = -131, -5*o - 5*j + 130 = 0. What is the units digit of o?
5
Let s = 1251 + -1194. Let i = 440 + -306. Let c = i + s. What is the tens digit of c?
9
Suppose -48*t + 160 = -28*t. Suppose -v - 4585 = -t*v. What is the hundreds digit of v?
6
Let b(x) = x**3 + 2*x**2. Let j(q) = -4*q**3 - 2*q**2 + 35*q - 68. Let n(t) = -3*b(t) - j(t). What is the hundreds digit of n(13)?
1
Let r(a) = 34*a**2 + 79*a + 4307. What is the tens digit of r(-53)?
2
Let v(c) = 2*c - 25. Let s be v(15). Suppose k + 3 = 0, b + s*k - 17 = -b. Let m = 23 - b. What is the units digit of m?
7
Let q(w) = -w**2 + 18*w. Let o = -32 - -7. Let s be (-2)/6 + o/(-3). What is the units digit of q(s)?
0
Let y = 140 - 102. What is the units digit of (8 + 4 + y)*(-54)/(-4)?
5
Suppose -589*s + 585*s + 3672 = 0. Let g = s - 668. What is the hundreds digit of g?
2
Suppose 5*a = -15, -9 = -3*k - a + 2*a. Suppose -k*w - 20 = -6*w. Suppose -200 = -5*p + 5*v, -2*p + 0*v = w*v - 66. What is the units digit of p?
8
Let j = 454 - 178. Let g(p) = -21*p + 337. Let w be g(15). Suppose j = 5*n - 2*c, -2*n + 95 = -3*c - w. What is the units digit of n?
4
Let i(k) = -4*k + 207. Suppose 0 = -35*g + 17*g - 648. What is the tens digit of i(g)?
5
What is the tens digit of (16 - -210 - 11)*(-1776)/(-10)?
8
Suppose 149*o = 169*o - 121300. What is the tens digit of o?